{"id":846,"date":"2018-05-26T16:57:18","date_gmt":"2018-05-26T16:57:18","guid":{"rendered":"http:\/\/www.csepelivaroskep.hu\/radnoti\/?post_type=tribe_events&#038;p=846"},"modified":"2018-05-26T16:57:18","modified_gmt":"2018-05-26T16:57:18","slug":"hiperaktivitas-forum-3","status":"publish","type":"tribe_events","link":"https:\/\/www.csepelivaroskep.hu\/radnoti\/programok\/hiperaktivitas-forum-3\/","title":{"rendered":"Hiperaktivit\u00e1s f\u00f3rum"},"content":{"rendered":"<div><strong>HIPERAKTIVIT\u00c1S F\u00d3RUM<\/strong><\/div>\n<div><strong><span style=\"color: #ff0000;\">\u00c1TOK VAGY \u00c1LD\u00c1S? ADHD-val \u00e9l\u0151 csal\u00e1dok \u00f6nseg\u00edt\u0151 csoportj<\/span><span style=\"color: #ff0000;\">a<\/span><\/strong><\/div>\n<div><\/div>\n<div><strong>\u00c1prilis 7, szombat 11-13 \u00f3ra<br \/>\n<span style=\"color: #ff0000;\">ADHD: hitek \u00e9s t\u00e9vhitek<\/span><\/strong><\/div>\n<div><\/div>\n<div><strong>M\u00e1jus 5, szombat 11-13 \u00f3ra<\/strong><\/div>\n<div><strong><span style=\"color: #ff0000;\">ADHD \u00e9s a csal\u00e1d<\/span><\/strong><\/div>\n<div><\/div>\n<div><strong>J\u00fanius 9, szombat 11-13 \u00f3ra<\/strong><\/div>\n<div><strong><span style=\"color: #ff0000;\">ADHD-val \u00e9lni, azaz az &#8220;el\u00e9g j\u00f3 sz\u00fcl\u0151&#8221;<\/span><\/strong><\/div>\n<div><\/div>\n<div><strong>A r\u00e9szv\u00e9tel d\u00edjtalan, de regisztr\u00e1ci\u00f3hoz k\u00f6t\u00f6tt:\u00a0<\/strong><a href=\"mailto:radnotimuvhaz@csepelivaroskep.hu\"><strong><span style=\"color: #ff0000;\">radnotimuvhaz@csepelivaroskep.hu<\/span><\/strong><\/a><\/div>\n<div><\/div>\n<div>Vezeti: Mikecz R\u00f3za, ADHD szak\u00e9rt\u0151<\/div>\n","protected":false},"excerpt":{"rendered":"<p>ADHD-val \u00e9l\u0151 csal\u00e1dok \u00f6nseg\u00edt\u0151 csoportja<\/p>\n","protected":false},"author":1,"featured_media":847,"comment_status":"closed","ping_status":"closed","template":"","meta":[],"tags":[14,16,12,27,13],"tribe_events_cat":[3],"acf":[],"_links":{"self":[{"href":"https:\/\/www.csepelivaroskep.hu\/radnoti\/wp-json\/wp\/v2\/tribe_events\/846"}],"collection":[{"href":"https:\/\/www.csepelivaroskep.hu\/radnoti\/wp-json\/wp\/v2\/tribe_events"}],"about":[{"href":"https:\/\/www.csepelivaroskep.hu\/radnoti\/wp-json\/wp\/v2\/types\/tribe_events"}],"author":[{"embeddable":true,"href":"https:\/\/www.csepelivaroskep.hu\/radnoti\/wp-json\/wp\/v2\/users\/1"}],"replies":[{"embeddable":true,"href":"https:\/\/www.csepelivaroskep.hu\/radnoti\/wp-json\/wp\/v2\/comments?post=846"}],"version-history":[{"count":1,"href":"https:\/\/www.csepelivaroskep.hu\/radnoti\/wp-json\/wp\/v2\/tribe_events\/846\/revisions"}],"predecessor-version":[{"id":848,"href":"https:\/\/www.csepelivaroskep.hu\/radnoti\/wp-json\/wp\/v2\/tribe_events\/846\/revisions\/848"}],"wp:featuredmedia":[{"embeddable":true,"href":"https:\/\/www.csepelivaroskep.hu\/radnoti\/wp-json\/wp\/v2\/media\/847"}],"wp:attachment":[{"href":"https:\/\/www.csepelivaroskep.hu\/radnoti\/wp-json\/wp\/v2\/media?parent=846"}],"wp:term":[{"taxonomy":"post_tag","embeddable":true,"href":"https:\/\/www.csepelivaroskep.hu\/radnoti\/wp-json\/wp\/v2\/tags?post=846"},{"taxonomy":"tribe_events_cat","embeddable":true,"href":"https:\/\/www.csepelivaroskep.hu\/radnoti\/wp-json\/wp\/v2\/tribe_events_cat?post=846"}],"curies":[{"name":"wp","href":"https:\/\/api.w.org\/{rel}","templated":true}]}}

Hiperaktivitás fórum

<div><strong>HIPERAKTIVITÁS FÓRUM</strong></div>
<div><strong><span style="color: #ff0000;">ÁTOK VAGY ÁLDÁS? ADHD-val élő családok önsegítő csoportj</span><span style="color: #ff0000;">a</span></strong></div>
<div></div>
<div><strong>Április 7, szombat 11-13 óra<br />
<span style="color: #ff0000;">ADHD: hitek és tévhitek</span></strong></div>
<div></div>
<div><strong>Május 5, szombat 11-13 óra</strong></div>
<div><strong><span style="color: #ff0000;">ADHD és a család</span></strong></div>
<div></div>
<div><strong>Június 9, szombat 11-13 óra</strong></div>
<div><strong><span style="color: #ff0000;">ADHD-val élni, azaz az &#8220;elég jó szülő&#8221;</span></strong></div>
<div></div>
<div><strong>A részvétel díjtalan, de regisztrációhoz kötött: </strong><a href="mailto:radnotimuvhaz@csepelivaroskep.hu"><strong><span style="color: #ff0000;">radnotimuvhaz@csepelivaroskep.hu</span></strong></a></div>
<div></div>
<div>Vezeti: Mikecz Róza, ADHD szakértő</div>

<p>ADHD-val élő családok önsegítő csoportja</p>
