{"id":849,"date":"2018-05-26T17:05:06","date_gmt":"2018-05-26T17:05:06","guid":{"rendered":"http:\/\/www.csepelivaroskep.hu\/radnoti\/?post_type=tribe_events&#038;p=849"},"modified":"2019-01-02T09:52:35","modified_gmt":"2019-01-02T09:52:35","slug":"mi-kell-a-nonek-2","status":"publish","type":"tribe_events","link":"https:\/\/www.csepelivaroskep.hu\/radnoti\/programok\/mi-kell-a-nonek-2\/","title":{"rendered":"Mi kell a n\u0151nek?"},"content":{"rendered":"<p>2018.06.16, 11-15 \u00f3ra<\/p>\n<p>Programok, el\u0151ad\u00e1sok, v\u00e1s\u00e1r &#8211; csak n\u0151knek!<\/p>\n<p>14:30-t\u00f3l fell\u00e9p: Dolhai Attila<\/p>\n<p>R\u00e9szletek <a href=\"https:\/\/www.facebook.com\/events\/205196590274498\/?active_tab=about\">ITT<\/a><\/p>\n<p><a href=\"https:\/\/www.csepel.hu\/hireink\/esemenyek\/item\/11306-tippek-noknek-a-radnotiban\">Cikk \u00e9s fot\u00f3gal\u00e9ria<\/a><\/p>\n","protected":false},"excerpt":{"rendered":"<p>Programok, el\u0151ad\u00e1sok, v\u00e1s\u00e1r &#8211; csak n\u0151knek!<\/p>\n","protected":false},"author":1,"featured_media":854,"comment_status":"closed","ping_status":"closed","template":"","meta":[],"tags":[14,16,33,27,13,11],"tribe_events_cat":[3],"acf":[],"_links":{"self":[{"href":"https:\/\/www.csepelivaroskep.hu\/radnoti\/wp-json\/wp\/v2\/tribe_events\/849"}],"collection":[{"href":"https:\/\/www.csepelivaroskep.hu\/radnoti\/wp-json\/wp\/v2\/tribe_events"}],"about":[{"href":"https:\/\/www.csepelivaroskep.hu\/radnoti\/wp-json\/wp\/v2\/types\/tribe_events"}],"author":[{"embeddable":true,"href":"https:\/\/www.csepelivaroskep.hu\/radnoti\/wp-json\/wp\/v2\/users\/1"}],"replies":[{"embeddable":true,"href":"https:\/\/www.csepelivaroskep.hu\/radnoti\/wp-json\/wp\/v2\/comments?post=849"}],"version-history":[{"count":4,"href":"https:\/\/www.csepelivaroskep.hu\/radnoti\/wp-json\/wp\/v2\/tribe_events\/849\/revisions"}],"predecessor-version":[{"id":1029,"href":"https:\/\/www.csepelivaroskep.hu\/radnoti\/wp-json\/wp\/v2\/tribe_events\/849\/revisions\/1029"}],"wp:featuredmedia":[{"embeddable":true,"href":"https:\/\/www.csepelivaroskep.hu\/radnoti\/wp-json\/wp\/v2\/media\/854"}],"wp:attachment":[{"href":"https:\/\/www.csepelivaroskep.hu\/radnoti\/wp-json\/wp\/v2\/media?parent=849"}],"wp:term":[{"taxonomy":"post_tag","embeddable":true,"href":"https:\/\/www.csepelivaroskep.hu\/radnoti\/wp-json\/wp\/v2\/tags?post=849"},{"taxonomy":"tribe_events_cat","embeddable":true,"href":"https:\/\/www.csepelivaroskep.hu\/radnoti\/wp-json\/wp\/v2\/tribe_events_cat?post=849"}],"curies":[{"name":"wp","href":"https:\/\/api.w.org\/{rel}","templated":true}]}}

Mi kell a nőnek?

<p>2018.06.16, 11-15 óra</p>
<p>Programok, előadások, vásár &#8211; csak nőknek!</p>
<p>14:30-tól fellép: Dolhai Attila</p>
<p>Részletek <a href="https://www.facebook.com/events/205196590274498/?active_tab=about">ITT</a></p>
<p><a href="https://www.csepel.hu/hireink/esemenyek/item/11306-tippek-noknek-a-radnotiban">Cikk és fotógaléria</a></p>

<p>Programok, előadások, vásár &#8211; csak nőknek!</p>
