{"id":874,"date":"2018-08-24T10:01:09","date_gmt":"2018-08-24T10:01:09","guid":{"rendered":"http:\/\/www.csepelivaroskep.hu\/radnoti\/?post_type=tribe_events&#038;p=874"},"modified":"2018-08-24T10:01:09","modified_gmt":"2018-08-24T10:01:09","slug":"a-gorog-dal-napja-5","status":"publish","type":"tribe_events","link":"https:\/\/www.csepelivaroskep.hu\/radnoti\/programok\/a-gorog-dal-napja-5\/","title":{"rendered":"A G\u00f6r\u00f6g Dal Napja"},"content":{"rendered":"<p>SZABADT\u00c9RI M\u0170SOR \u00c9S T\u00c1NCH\u00c1Z<\/p>\n<p>Autentikus g\u00f6r\u00f6g zene \u00e9s t\u00e1ncok, jellegzetes g\u00f6r\u00f6g \u00e9tel- \u00e9s italk\u00edn\u00e1lat<\/p>\n<p>A Csepeli G\u00f6r\u00f6g \u00d6nkorm\u00e1nyzat szervez\u00e9s\u00e9ben<\/p>\n<p>Rossz id\u0151 eset\u00e9n a rendezv\u00e9nyt a Radn\u00f3ti Mikl\u00f3s M\u0171vel\u0151d\u00e9si H\u00e1zban tartjuk<\/p>\n<p>A bel\u00e9p\u00e9s d\u00edjtalan!<\/p>\n","protected":false},"excerpt":{"rendered":"<p>A bel\u00e9p\u00e9s d\u00edjtalan<\/p>\n","protected":false},"author":1,"featured_media":875,"comment_status":"closed","ping_status":"closed","template":"","meta":[],"tags":[14,22,35,33,27,13,19],"tribe_events_cat":[3],"acf":[],"_links":{"self":[{"href":"https:\/\/www.csepelivaroskep.hu\/radnoti\/wp-json\/wp\/v2\/tribe_events\/874"}],"collection":[{"href":"https:\/\/www.csepelivaroskep.hu\/radnoti\/wp-json\/wp\/v2\/tribe_events"}],"about":[{"href":"https:\/\/www.csepelivaroskep.hu\/radnoti\/wp-json\/wp\/v2\/types\/tribe_events"}],"author":[{"embeddable":true,"href":"https:\/\/www.csepelivaroskep.hu\/radnoti\/wp-json\/wp\/v2\/users\/1"}],"replies":[{"embeddable":true,"href":"https:\/\/www.csepelivaroskep.hu\/radnoti\/wp-json\/wp\/v2\/comments?post=874"}],"version-history":[{"count":1,"href":"https:\/\/www.csepelivaroskep.hu\/radnoti\/wp-json\/wp\/v2\/tribe_events\/874\/revisions"}],"predecessor-version":[{"id":876,"href":"https:\/\/www.csepelivaroskep.hu\/radnoti\/wp-json\/wp\/v2\/tribe_events\/874\/revisions\/876"}],"wp:featuredmedia":[{"embeddable":true,"href":"https:\/\/www.csepelivaroskep.hu\/radnoti\/wp-json\/wp\/v2\/media\/875"}],"wp:attachment":[{"href":"https:\/\/www.csepelivaroskep.hu\/radnoti\/wp-json\/wp\/v2\/media?parent=874"}],"wp:term":[{"taxonomy":"post_tag","embeddable":true,"href":"https:\/\/www.csepelivaroskep.hu\/radnoti\/wp-json\/wp\/v2\/tags?post=874"},{"taxonomy":"tribe_events_cat","embeddable":true,"href":"https:\/\/www.csepelivaroskep.hu\/radnoti\/wp-json\/wp\/v2\/tribe_events_cat?post=874"}],"curies":[{"name":"wp","href":"https:\/\/api.w.org\/{rel}","templated":true}]}}

A Görög Dal Napja

<p>SZABADTÉRI MŰSOR ÉS TÁNCHÁZ</p>
<p>Autentikus görög zene és táncok, jellegzetes görög étel- és italkínálat</p>
<p>A Csepeli Görög Önkormányzat szervezésében</p>
<p>Rossz idő esetén a rendezvényt a Radnóti Miklós Művelődési Házban tartjuk</p>
<p>A belépés díjtalan!</p>

<p>A belépés díjtalan</p>
