{"id":877,"date":"2018-08-24T10:31:00","date_gmt":"2018-08-24T10:31:00","guid":{"rendered":"http:\/\/www.csepelivaroskep.hu\/radnoti\/?post_type=tribe_events&#038;p=877"},"modified":"2018-08-24T10:32:30","modified_gmt":"2018-08-24T10:32:30","slug":"gorog-tanchaz-a-radnotiban","status":"publish","type":"tribe_events","link":"https:\/\/www.csepelivaroskep.hu\/radnoti\/programok\/gorog-tanchaz-a-radnotiban\/","title":{"rendered":"G\u00f6r\u00f6g T\u00e1nch\u00e1z a Radn\u00f3tiban"},"content":{"rendered":"<p>\u00c9L\u0150ZEN\u00c9S T\u00c1NCOKTAT\u00c1S<\/p>\n<p>A Csepeli G\u00f6r\u00f6g \u00d6nkorm\u00e1nyzat szervez\u00e9s\u00e9ben<\/p>\n<p>Fell\u00e9p a Mydros egy\u00fcttes<\/p>\n<p>A bel\u00e9p\u00e9s d\u00edjtalan!<\/p>\n","protected":false},"excerpt":{"rendered":"<p>Mydros egy\u00fcttessel<\/p>\n","protected":false},"author":1,"featured_media":878,"comment_status":"closed","ping_status":"closed","template":"","meta":[],"tags":[14,22,33,27,13,19],"tribe_events_cat":[3],"acf":[],"_links":{"self":[{"href":"https:\/\/www.csepelivaroskep.hu\/radnoti\/wp-json\/wp\/v2\/tribe_events\/877"}],"collection":[{"href":"https:\/\/www.csepelivaroskep.hu\/radnoti\/wp-json\/wp\/v2\/tribe_events"}],"about":[{"href":"https:\/\/www.csepelivaroskep.hu\/radnoti\/wp-json\/wp\/v2\/types\/tribe_events"}],"author":[{"embeddable":true,"href":"https:\/\/www.csepelivaroskep.hu\/radnoti\/wp-json\/wp\/v2\/users\/1"}],"replies":[{"embeddable":true,"href":"https:\/\/www.csepelivaroskep.hu\/radnoti\/wp-json\/wp\/v2\/comments?post=877"}],"version-history":[{"count":2,"href":"https:\/\/www.csepelivaroskep.hu\/radnoti\/wp-json\/wp\/v2\/tribe_events\/877\/revisions"}],"predecessor-version":[{"id":882,"href":"https:\/\/www.csepelivaroskep.hu\/radnoti\/wp-json\/wp\/v2\/tribe_events\/877\/revisions\/882"}],"wp:featuredmedia":[{"embeddable":true,"href":"https:\/\/www.csepelivaroskep.hu\/radnoti\/wp-json\/wp\/v2\/media\/878"}],"wp:attachment":[{"href":"https:\/\/www.csepelivaroskep.hu\/radnoti\/wp-json\/wp\/v2\/media?parent=877"}],"wp:term":[{"taxonomy":"post_tag","embeddable":true,"href":"https:\/\/www.csepelivaroskep.hu\/radnoti\/wp-json\/wp\/v2\/tags?post=877"},{"taxonomy":"tribe_events_cat","embeddable":true,"href":"https:\/\/www.csepelivaroskep.hu\/radnoti\/wp-json\/wp\/v2\/tribe_events_cat?post=877"}],"curies":[{"name":"wp","href":"https:\/\/api.w.org\/{rel}","templated":true}]}}

Görög Táncház a Radnótiban

<p>ÉLŐZENÉS TÁNCOKTATÁS</p>
<p>A Csepeli Görög Önkormányzat szervezésében</p>
<p>Fellép a Mydros együttes</p>
<p>A belépés díjtalan!</p>

<p>Mydros együttessel</p>
