{"id":895,"date":"2018-08-24T11:15:50","date_gmt":"2018-08-24T11:15:50","guid":{"rendered":"http:\/\/www.csepelivaroskep.hu\/radnoti\/?post_type=tribe_events&#038;p=895"},"modified":"2018-10-03T12:01:50","modified_gmt":"2018-10-03T12:01:50","slug":"garazsvasar-csepelen-3","status":"publish","type":"tribe_events","link":"https:\/\/www.csepelivaroskep.hu\/radnoti\/programok\/garazsvasar-csepelen-3\/","title":{"rendered":"Gar\u00e1zsv\u00e1s\u00e1r Csepelen"},"content":{"rendered":"<p><strong><span style=\"color: #ff0000;\">MINDEN ASZTAL ELKELT!<\/span><\/strong><\/p>\n<p>&nbsp;<\/p>\n<p>Haszn\u00e1lt, de j\u00f3 \u00e1llapot\u00fa j\u00e1t\u00e9kok, k\u00f6nyvek, d\u00edszt\u00e1rgyak, ruh\u00e1k, haszn\u00e1lati t\u00e1rgyak ad\u00e1sv\u00e9tele, cser\u00e9je<\/p>\n<p>Asztalb\u00e9rl\u00e9s el\u0151v\u00e9telben: 1.500 Ft\/db<\/p>\n<p>Az aktu\u00e1lis v\u00e1s\u00e1ron nyitjuk meg az asztalb\u00e9rl\u00e9si lehet\u0151s\u00e9get a k\u00f6vetkez\u0151 id\u0151pontra!<\/p>\n<p>&nbsp;<\/p>\n<p>GAR\u00c1ZSV\u00c1S\u00c1R SZAB\u00c1LYZAT<\/p>\n<ol>\n<li>A Gar\u00e1zsv\u00e1s\u00e1ron csak mag\u00e1nszem\u00e9lyek \u00e1rulhatnak, kiz\u00e1r\u00f3lag tiszta ruh\u00e1kat, j\u00e1t\u00e9kokat, k\u00f6nyveket, m\u0171szaki cikkeket, kieg\u00e9sz\u00edt\u0151ket, haszn\u00e1lati eszk\u00f6z\u00f6ket, stb.<\/li>\n<li>Az asztal a b\u00e9rleti d\u00edj el\u0151zetes befizet\u00e9s\u00e9vel vehet\u0151 ig\u00e9nybe, befizet\u00e9si sorrendben.<\/li>\n<li>A b\u00e9rleti d\u00edj csak az asztalt \u00e9s ter\u00fclet\u00e9t tartalmazza, enn\u00e9l nagyobb helyfoglal\u00e1s\u00e9rt (max. 1 nm asztal el\u0151tt, mellett) el\u0151v\u00e9telben vagy a helysz\u00ednen +500 Ft-ot sz\u00e1molunk fel (pl. saj\u00e1t \u00e1llv\u00e1ny, nagyobb t\u00e1rgy).<\/li>\n<li>A Gar\u00e1zsv\u00e1s\u00e1r napj\u00e1n 8 \u00f3r\u00e1t\u00f3l lehet az asztalokra kipakolni. Amennyiben valaki nem jelenik meg a Gar\u00e1zsv\u00e1s\u00e1ron, a b\u00e9rleti d\u00edjat nem tudjuk visszafizetni.<\/li>\n<li>A Gar\u00e1zsv\u00e1s\u00e1rra v\u00e1llalkoz\u00f3 nem j\u00f6het, amennyiben nagyobb mennyis\u00e9g\u0171 \u00faj term\u00e9kkel \u00e9rkezik, automatikusan keresked\u0151nek tekintj\u00fck, \u00e9s kiz\u00e1rjuk a Gar\u00e1zsv\u00e1s\u00e1rr\u00f3l. Ez esetben az asztalb\u00e9rleti d\u00edjat nem fizetj\u00fck vissza.<\/li>\n<li>A v\u00e1s\u00e1r ideje alatt a sz\u00ednpadra felmenni, \u00e1rut feltenni tilos! A falra, ablakra, t\u00fck\u00f6rre \u00e1rut tenni tilos!<\/li>\n<li>A v\u00e1s\u00e1r ut\u00e1n k\u00f6teles mindenki tiszt\u00e1n, rendben elhagyni a helysz\u00ednt.<\/li>\n<\/ol>\n<p>&nbsp;<\/p>\n","protected":false},"excerpt":{"rendered":"<p>MINDEN ASZTAL ELKELT!<\/p>\n","protected":false},"author":1,"featured_media":896,"comment_status":"closed","ping_status":"closed","template":"","meta":[],"tags":[14,11],"tribe_events_cat":[3],"acf":[],"_links":{"self":[{"href":"https:\/\/www.csepelivaroskep.hu\/radnoti\/wp-json\/wp\/v2\/tribe_events\/895"}],"collection":[{"href":"https:\/\/www.csepelivaroskep.hu\/radnoti\/wp-json\/wp\/v2\/tribe_events"}],"about":[{"href":"https:\/\/www.csepelivaroskep.hu\/radnoti\/wp-json\/wp\/v2\/types\/tribe_events"}],"author":[{"embeddable":true,"href":"https:\/\/www.csepelivaroskep.hu\/radnoti\/wp-json\/wp\/v2\/users\/1"}],"replies":[{"embeddable":true,"href":"https:\/\/www.csepelivaroskep.hu\/radnoti\/wp-json\/wp\/v2\/comments?post=895"}],"version-history":[{"count":2,"href":"https:\/\/www.csepelivaroskep.hu\/radnoti\/wp-json\/wp\/v2\/tribe_events\/895\/revisions"}],"predecessor-version":[{"id":952,"href":"https:\/\/www.csepelivaroskep.hu\/radnoti\/wp-json\/wp\/v2\/tribe_events\/895\/revisions\/952"}],"wp:featuredmedia":[{"embeddable":true,"href":"https:\/\/www.csepelivaroskep.hu\/radnoti\/wp-json\/wp\/v2\/media\/896"}],"wp:attachment":[{"href":"https:\/\/www.csepelivaroskep.hu\/radnoti\/wp-json\/wp\/v2\/media?parent=895"}],"wp:term":[{"taxonomy":"post_tag","embeddable":true,"href":"https:\/\/www.csepelivaroskep.hu\/radnoti\/wp-json\/wp\/v2\/tags?post=895"},{"taxonomy":"tribe_events_cat","embeddable":true,"href":"https:\/\/www.csepelivaroskep.hu\/radnoti\/wp-json\/wp\/v2\/tribe_events_cat?post=895"}],"curies":[{"name":"wp","href":"https:\/\/api.w.org\/{rel}","templated":true}]}}

Garázsvásár Csepelen

<p><strong><span style="color: #ff0000;">MINDEN ASZTAL ELKELT!</span></strong></p>
<p>&nbsp;</p>
<p>Használt, de jó állapotú játékok, könyvek, dísztárgyak, ruhák, használati tárgyak adásvétele, cseréje</p>
<p>Asztalbérlés elővételben: 1.500 Ft/db</p>
<p>Az aktuális vásáron nyitjuk meg az asztalbérlési lehetőséget a következő időpontra!</p>
<p>&nbsp;</p>
<p>GARÁZSVÁSÁR SZABÁLYZAT</p>
<ol>
<li>A Garázsvásáron csak magánszemélyek árulhatnak, kizárólag tiszta ruhákat, játékokat, könyveket, műszaki cikkeket, kiegészítőket, használati eszközöket, stb.</li>
<li>Az asztal a bérleti díj előzetes befizetésével vehető igénybe, befizetési sorrendben.</li>
<li>A bérleti díj csak az asztalt és területét tartalmazza, ennél nagyobb helyfoglalásért (max. 1 nm asztal előtt, mellett) elővételben vagy a helyszínen +500 Ft-ot számolunk fel (pl. saját állvány, nagyobb tárgy).</li>
<li>A Garázsvásár napján 8 órától lehet az asztalokra kipakolni. Amennyiben valaki nem jelenik meg a Garázsvásáron, a bérleti díjat nem tudjuk visszafizetni.</li>
<li>A Garázsvásárra vállalkozó nem jöhet, amennyiben nagyobb mennyiségű új termékkel érkezik, automatikusan kereskedőnek tekintjük, és kizárjuk a Garázsvásárról. Ez esetben az asztalbérleti díjat nem fizetjük vissza.</li>
<li>A vásár ideje alatt a színpadra felmenni, árut feltenni tilos! A falra, ablakra, tükörre árut tenni tilos!</li>
<li>A vásár után köteles mindenki tisztán, rendben elhagyni a helyszínt.</li>
</ol>
<p>&nbsp;</p>
