{"id":902,"date":"2018-08-24T11:21:50","date_gmt":"2018-08-24T11:21:50","guid":{"rendered":"http:\/\/www.csepelivaroskep.hu\/radnoti\/?post_type=tribe_events&#038;p=902"},"modified":"2018-11-27T13:33:25","modified_gmt":"2018-11-27T13:33:25","slug":"szabad-e-bejonni-betlehemeseknek-5","status":"publish","type":"tribe_events","link":"https:\/\/www.csepelivaroskep.hu\/radnoti\/programok\/szabad-e-bejonni-betlehemeseknek-5\/","title":{"rendered":"Adventi k\u00e9zm\u0171ves d\u00e9lut\u00e1n"},"content":{"rendered":"<p><span style=\"color: #ff6600;\"><strong>Adventi k\u00e9zm\u0171ves d\u00e9lut\u00e1n<\/strong><\/span><\/p>\n<p><span style=\"color: #008000;\">2018. december 8, 16 \u00f3ra<\/span><\/p>\n<p>Csepeli \u00f3vod\u00e1s \u00e9s kisiskol\u00e1s gyerekek betlehemes j\u00e1t\u00e9ka<br \/>\nK\u00e9zm\u0171ves foglalkoz\u00e1s a kar\u00e1csonyra k\u00e9sz\u00fcl\u0151dve<br \/>\nAdventi k\u00e9zm\u0171ves v\u00e1s\u00e1r<\/p>\n<p><em>A bel\u00e9p\u00e9s d\u00edjtalan!<\/em><\/p>\n<p>&nbsp;<\/p>\n","protected":false},"excerpt":{"rendered":"<p>Ingyenes adventi d\u00e9lut\u00e1n<\/p>\n","protected":false},"author":1,"featured_media":1014,"comment_status":"closed","ping_status":"closed","template":"","meta":[],"tags":[15,14,16,21,22,35,27,13,32],"tribe_events_cat":[3],"acf":[],"_links":{"self":[{"href":"https:\/\/www.csepelivaroskep.hu\/radnoti\/wp-json\/wp\/v2\/tribe_events\/902"}],"collection":[{"href":"https:\/\/www.csepelivaroskep.hu\/radnoti\/wp-json\/wp\/v2\/tribe_events"}],"about":[{"href":"https:\/\/www.csepelivaroskep.hu\/radnoti\/wp-json\/wp\/v2\/types\/tribe_events"}],"author":[{"embeddable":true,"href":"https:\/\/www.csepelivaroskep.hu\/radnoti\/wp-json\/wp\/v2\/users\/1"}],"replies":[{"embeddable":true,"href":"https:\/\/www.csepelivaroskep.hu\/radnoti\/wp-json\/wp\/v2\/comments?post=902"}],"version-history":[{"count":6,"href":"https:\/\/www.csepelivaroskep.hu\/radnoti\/wp-json\/wp\/v2\/tribe_events\/902\/revisions"}],"predecessor-version":[{"id":1016,"href":"https:\/\/www.csepelivaroskep.hu\/radnoti\/wp-json\/wp\/v2\/tribe_events\/902\/revisions\/1016"}],"wp:featuredmedia":[{"embeddable":true,"href":"https:\/\/www.csepelivaroskep.hu\/radnoti\/wp-json\/wp\/v2\/media\/1014"}],"wp:attachment":[{"href":"https:\/\/www.csepelivaroskep.hu\/radnoti\/wp-json\/wp\/v2\/media?parent=902"}],"wp:term":[{"taxonomy":"post_tag","embeddable":true,"href":"https:\/\/www.csepelivaroskep.hu\/radnoti\/wp-json\/wp\/v2\/tags?post=902"},{"taxonomy":"tribe_events_cat","embeddable":true,"href":"https:\/\/www.csepelivaroskep.hu\/radnoti\/wp-json\/wp\/v2\/tribe_events_cat?post=902"}],"curies":[{"name":"wp","href":"https:\/\/api.w.org\/{rel}","templated":true}]}}

Adventi kézműves délután

<p><span style="color: #ff6600;"><strong>Adventi kézműves délután</strong></span></p>
<p><span style="color: #008000;">2018. december 8, 16 óra</span></p>
<p>Csepeli óvodás és kisiskolás gyerekek betlehemes játéka<br />
Kézműves foglalkozás a karácsonyra készülődve<br />
Adventi kézműves vásár</p>
<p><em>A belépés díjtalan!</em></p>
<p>&nbsp;</p>

<p>Ingyenes adventi délután</p>
