{"id":905,"date":"2018-08-29T11:05:30","date_gmt":"2018-08-29T11:05:30","guid":{"rendered":"http:\/\/www.csepelivaroskep.hu\/radnoti\/?post_type=tribe_events&#038;p=905"},"modified":"2018-08-29T11:05:30","modified_gmt":"2018-08-29T11:05:30","slug":"nyitott-ajtok-a-radnotiban-2","status":"publish","type":"tribe_events","link":"https:\/\/www.csepelivaroskep.hu\/radnoti\/programok\/nyitott-ajtok-a-radnotiban-2\/","title":{"rendered":"Nyitott ajt\u00f3k a Radn\u00f3tiban"},"content":{"rendered":"<p>INGYENES TANFOLYAMI H\u00c9T<\/p>\n<p>2018. szeptember 3-8 k\u00f6z\u00f6tt tanfolyamaink t\u00f6bbs\u00e9ge ingyenesen kipr\u00f3b\u00e1lhat\u00f3!<\/p>\n<p>K\u00e9s\u0151bb indul\u00f3 tanfolyamaink els\u0151 alkalmai is t\u00f6bbs\u00e9g\u00fckben ingyenesek.<\/p>\n<p>A r\u00e9szletes list\u00e1t \u00e9s a kezd\u00e9si id\u0151pontokat megtal\u00e1lja az esem\u00e9ny Facebook oldal\u00e1n:<\/p>\n<p><a href=\"https:\/\/www.facebook.com\/events\/1240210829453301\/\">https:\/\/www.facebook.com\/events\/1240210829453301\/<\/a><\/p>\n<p>&nbsp;<\/p>\n","protected":false},"excerpt":{"rendered":"<p>Ingyenes tanfolyami h\u00e9t<\/p>\n","protected":false},"author":1,"featured_media":906,"comment_status":"closed","ping_status":"closed","template":"","meta":[],"tags":[14,27,28],"tribe_events_cat":[3],"acf":[],"_links":{"self":[{"href":"https:\/\/www.csepelivaroskep.hu\/radnoti\/wp-json\/wp\/v2\/tribe_events\/905"}],"collection":[{"href":"https:\/\/www.csepelivaroskep.hu\/radnoti\/wp-json\/wp\/v2\/tribe_events"}],"about":[{"href":"https:\/\/www.csepelivaroskep.hu\/radnoti\/wp-json\/wp\/v2\/types\/tribe_events"}],"author":[{"embeddable":true,"href":"https:\/\/www.csepelivaroskep.hu\/radnoti\/wp-json\/wp\/v2\/users\/1"}],"replies":[{"embeddable":true,"href":"https:\/\/www.csepelivaroskep.hu\/radnoti\/wp-json\/wp\/v2\/comments?post=905"}],"version-history":[{"count":1,"href":"https:\/\/www.csepelivaroskep.hu\/radnoti\/wp-json\/wp\/v2\/tribe_events\/905\/revisions"}],"predecessor-version":[{"id":907,"href":"https:\/\/www.csepelivaroskep.hu\/radnoti\/wp-json\/wp\/v2\/tribe_events\/905\/revisions\/907"}],"wp:featuredmedia":[{"embeddable":true,"href":"https:\/\/www.csepelivaroskep.hu\/radnoti\/wp-json\/wp\/v2\/media\/906"}],"wp:attachment":[{"href":"https:\/\/www.csepelivaroskep.hu\/radnoti\/wp-json\/wp\/v2\/media?parent=905"}],"wp:term":[{"taxonomy":"post_tag","embeddable":true,"href":"https:\/\/www.csepelivaroskep.hu\/radnoti\/wp-json\/wp\/v2\/tags?post=905"},{"taxonomy":"tribe_events_cat","embeddable":true,"href":"https:\/\/www.csepelivaroskep.hu\/radnoti\/wp-json\/wp\/v2\/tribe_events_cat?post=905"}],"curies":[{"name":"wp","href":"https:\/\/api.w.org\/{rel}","templated":true}]}}

Nyitott ajtók a Radnótiban

<p>INGYENES TANFOLYAMI HÉT</p>
<p>2018. szeptember 3-8 között tanfolyamaink többsége ingyenesen kipróbálható!</p>
<p>Később induló tanfolyamaink első alkalmai is többségükben ingyenesek.</p>
<p>A részletes listát és a kezdési időpontokat megtalálja az esemény Facebook oldalán:</p>
<p><a href="https://www.facebook.com/events/1240210829453301/">https://www.facebook.com/events/1240210829453301/</a></p>
<p>&nbsp;</p>

<p>Ingyenes tanfolyami hét</p>
