{"id":915,"date":"2018-09-07T13:33:33","date_gmt":"2018-09-07T13:33:33","guid":{"rendered":"http:\/\/www.csepelivaroskep.hu\/radnoti\/?post_type=tribe_events&#038;p=915"},"modified":"2018-09-07T13:33:33","modified_gmt":"2018-09-07T13:33:33","slug":"nok-szombatja","status":"publish","type":"tribe_events","link":"https:\/\/www.csepelivaroskep.hu\/radnoti\/programok\/nok-szombatja\/","title":{"rendered":"N\u0151k szombatja"},"content":{"rendered":"<p>\u00d6lt\u00f6zz, sportolj, figyelj, sz\u00e9p\u00fclj, tarts vel\u00fcnk!<\/p>\n<p>Tippek, tan\u00e1csok, praktik\u00e1k h\u00e9tk\u00f6znapi n\u0151knek a mindennapokhoz<\/p>\n<p>HOZD MAGADDAL!<br \/>\n&#8211; nyitotts\u00e1godat<br \/>\n&#8211; frissess\u00e9gedet<br \/>\n&#8211; \u00e9des-sz\u00e1jadat<br \/>\n&#8211; sosem hordott, vagy alig haszn\u00e1lt, de kifog\u00e1stalan \u00e1llapotban l\u00e9v\u0151 ruhadarabjaidat<br \/>\n&#8211; alapoz\u00f3dat<br \/>\n&#8211; t\u00fcllszokny\u00e1dat (az esem\u00e9ny z\u00e1r\u00e1sak\u00e9nt k\u00f6z\u00f6s &#8220;t\u00fcllfut\u00e1st&#8221; rendez\u00fcnk nyerem\u00e9nyekkel)<br \/>\n&#8211; k\u00edv\u00e1ncsis\u00e1godat a ki\u00e1ll\u00edt\u00f3khoz \u00e9s j\u00f3kedvedet a programokhoz!<\/p>\n<p>Program:<br \/>\n11.00\u00a0 \u00a0 \u00a0 \u00a0 \u00a0 \u00a0 \u00a0 \u00a0 \u00a0megnyit\u00f3, a ki\u00e1ll\u00edt\u00f3k r\u00f6vid bemutat\u00e1sa<br \/>\n11.15 &#8211; 12.00\u00a0 \u00a0 Gymstick Tarnay Zsuzs\u00e1val<br \/>\n12.00 &#8211; 12.30\u00a0 \u00a0Mengy\u00e1n Eszter a Holy Duck blogger\u00e8nek el\u0151ad\u00e1sa a tudatos ruhav\u00e1laszt\u00e1sr\u00f3l,\u00a0 \u00a0 \u00a0 \u00a0 \u00a0 \u00a0 \u00a0 \u00a0 \u00a0 \u00a0 \u00a0 \u00a0 \u00a0 \u00a0 \u00a0 \u00a0 \u00a0 \u00a0 \u00a0 \u00a0 \u00a0 \u00a0 \u00a0 \u00a0 \u00a0fenntarthat\u00f3 divatr\u00f3l<br \/>\n12.30 &#8211; 13.30\u00a0 \u00a0Smink bemutat\u00f3 \u00e9s tan\u00e1csad\u00e1s &#8211; Djongi Makeup &amp; SFX<br \/>\n13.30 &#8211; 14.30\u00a0 \u00a0A gerincb\u00e0ntalmak elker\u00fcl\u00e9s\u00e9re NMPT Mozg\u00e1sminta Tr\u00e9ning el\u0151ad\u00e1s \u00e9s gyakorlat Palotai\u00a0 \u00a0 \u00a0 \u00a0 \u00a0 \u00a0 \u00a0 \u00a0 \u00a0 \u00a0 \u00a0 \u00a0 \u00a0 \u00a0 \u00a0T\u00fcnde NMPT Instruktor el\u0151ad\u00e1sa<br \/>\n14.45\u00a0 \u00a0 \u00a0 \u00a0 \u00a0 \u00a0 \u00a0 \u00a0 \u00a0T\u00fcllfut\u00e1s, eredm\u00e9nyhirdet\u00e9s, z\u00e1r\u00e1s<\/p>\n<p>K\u00f6zben folyamatosan:<br \/>\n1. Kisterem Trita &#8211; k\u00e9zm\u0171ves csokol\u00e1d\u00e9 v\u00e1s\u00e1r \u00e9s workshop<br \/>\n2. Kisterem Swappis Refashion &#8211; haszn\u00e1lt ruha gy\u0171jt\u0151hely \u00e9s gardr\u00f3bfriss\u00edt\u0151 v\u00e1s\u00e1r<\/p>\n<p>Standok:<br \/>\nMotivate Me Fitness Trend<br \/>\nK\u00e9nyelem Manufakt\u00fara \u00e9s GT cip\u0151<br \/>\nAndrina Fashion &#8211; Ruh\u00e1zat magas n\u0151knek<br \/>\nLove2Smile &#8211; K\u00e9zm\u0171ves szappanok<br \/>\nMimm\u00f3za &#8211; Kreat\u00edv baba \u00e9s gyermek\u00e1ru<br \/>\nPolg\u00e1r Gitta &#8211; \u00dcveg\u00e9kszerek<br \/>\nKarlaLina &#8211; Designer pap\u00edr\u00e1ru<br \/>\nAviva Torna &#8211; V\u00e9gh Be\u00e1ta oktat\u00f3<\/p>\n<p>Bel\u00e9p\u0151jegy 1500 Ft, ami valamennyi programra biztos\u00edtja a r\u00e9szv\u00e9telt. Jegyek a helysz\u00ednen kaphat\u00f3k.<br \/>\nA bel\u00e9p\u00e9s 10 \u00e9v alatti gyerekek r\u00e9sz\u00e9re ingyenes.<\/p>\n<p>A rendezv\u00e9ny szervez\u0151je Balla Gabi st\u00edlustan\u00e1csad\u00f3, stylist<\/p>\n","protected":false},"excerpt":{"rendered":"<p>Tippek, tan\u00e1csok, praktik\u00e1k h\u00e9tk\u00f6znapi n\u0151knek a mindennapokhoz<\/p>\n","protected":false},"author":1,"featured_media":916,"comment_status":"closed","ping_status":"closed","template":"","meta":[],"tags":[14,16,27,13,28],"tribe_events_cat":[3],"acf":[],"_links":{"self":[{"href":"https:\/\/www.csepelivaroskep.hu\/radnoti\/wp-json\/wp\/v2\/tribe_events\/915"}],"collection":[{"href":"https:\/\/www.csepelivaroskep.hu\/radnoti\/wp-json\/wp\/v2\/tribe_events"}],"about":[{"href":"https:\/\/www.csepelivaroskep.hu\/radnoti\/wp-json\/wp\/v2\/types\/tribe_events"}],"author":[{"embeddable":true,"href":"https:\/\/www.csepelivaroskep.hu\/radnoti\/wp-json\/wp\/v2\/users\/1"}],"replies":[{"embeddable":true,"href":"https:\/\/www.csepelivaroskep.hu\/radnoti\/wp-json\/wp\/v2\/comments?post=915"}],"version-history":[{"count":1,"href":"https:\/\/www.csepelivaroskep.hu\/radnoti\/wp-json\/wp\/v2\/tribe_events\/915\/revisions"}],"predecessor-version":[{"id":917,"href":"https:\/\/www.csepelivaroskep.hu\/radnoti\/wp-json\/wp\/v2\/tribe_events\/915\/revisions\/917"}],"wp:featuredmedia":[{"embeddable":true,"href":"https:\/\/www.csepelivaroskep.hu\/radnoti\/wp-json\/wp\/v2\/media\/916"}],"wp:attachment":[{"href":"https:\/\/www.csepelivaroskep.hu\/radnoti\/wp-json\/wp\/v2\/media?parent=915"}],"wp:term":[{"taxonomy":"post_tag","embeddable":true,"href":"https:\/\/www.csepelivaroskep.hu\/radnoti\/wp-json\/wp\/v2\/tags?post=915"},{"taxonomy":"tribe_events_cat","embeddable":true,"href":"https:\/\/www.csepelivaroskep.hu\/radnoti\/wp-json\/wp\/v2\/tribe_events_cat?post=915"}],"curies":[{"name":"wp","href":"https:\/\/api.w.org\/{rel}","templated":true}]}}

Nők szombatja

<p>Öltözz, sportolj, figyelj, szépülj, tarts velünk!</p>
<p>Tippek, tanácsok, praktikák hétköznapi nőknek a mindennapokhoz</p>
<p>HOZD MAGADDAL!<br />
&#8211; nyitottságodat<br />
&#8211; frissességedet<br />
&#8211; édes-szájadat<br />
&#8211; sosem hordott, vagy alig használt, de kifogástalan állapotban lévő ruhadarabjaidat<br />
&#8211; alapozódat<br />
&#8211; tüllszoknyádat (az esemény zárásaként közös &#8220;tüllfutást&#8221; rendezünk nyereményekkel)<br />
&#8211; kíváncsiságodat a kiállítókhoz és jókedvedet a programokhoz!</p>
<p>Program:<br />
11.00                 megnyitó, a kiállítók rövid bemutatása<br />
11.15 &#8211; 12.00    Gymstick Tarnay Zsuzsával<br />
12.00 &#8211; 12.30   Mengyán Eszter a Holy Duck bloggerènek előadása a tudatos ruhaválasztásról,                                                 fenntartható divatról<br />
12.30 &#8211; 13.30   Smink bemutató és tanácsadás &#8211; Djongi Makeup &amp; SFX<br />
13.30 &#8211; 14.30   A gerincbàntalmak elkerülésére NMPT Mozgásminta Tréning előadás és gyakorlat Palotai                             Tünde NMPT Instruktor előadása<br />
14.45                 Tüllfutás, eredményhirdetés, zárás</p>
<p>Közben folyamatosan:<br />
1. Kisterem Trita &#8211; kézműves csokoládé vásár és workshop<br />
2. Kisterem Swappis Refashion &#8211; használt ruha gyűjtőhely és gardróbfrissítő vásár</p>
<p>Standok:<br />
Motivate Me Fitness Trend<br />
Kényelem Manufaktúra és GT cipő<br />
Andrina Fashion &#8211; Ruházat magas nőknek<br />
Love2Smile &#8211; Kézműves szappanok<br />
Mimmóza &#8211; Kreatív baba és gyermekáru<br />
Polgár Gitta &#8211; Üvegékszerek<br />
KarlaLina &#8211; Designer papíráru<br />
Aviva Torna &#8211; Végh Beáta oktató</p>
<p>Belépőjegy 1500 Ft, ami valamennyi programra biztosítja a részvételt. Jegyek a helyszínen kaphatók.<br />
A belépés 10 év alatti gyerekek részére ingyenes.</p>
<p>A rendezvény szervezője Balla Gabi stílustanácsadó, stylist</p>

<p>Tippek, tanácsok, praktikák hétköznapi nőknek a mindennapokhoz</p>
