{"id":973,"date":"2018-10-18T12:56:16","date_gmt":"2018-10-18T12:56:16","guid":{"rendered":"http:\/\/www.csepelivaroskep.hu\/radnoti\/?post_type=tribe_events&#038;p=973"},"modified":"2018-10-18T12:57:05","modified_gmt":"2018-10-18T12:57:05","slug":"jegesmaci-baratai","status":"publish","type":"tribe_events","link":"https:\/\/www.csepelivaroskep.hu\/radnoti\/programok\/jegesmaci-baratai\/","title":{"rendered":"Jegesmaci bar\u00e1tai"},"content":{"rendered":"<p>Az <strong>Ametiszt B\u00e1bsz\u00ednh\u00e1z<\/strong> bemutatja:<\/p>\n<h3><span style=\"color: #33cccc;\">Jegesmaci bar\u00e1tai<\/span><\/h3>\n<p><em>c\u00edm\u0171 zen\u00e9s b\u00e1bj\u00e1t\u00e9kot<\/em><\/p>\n<p><strong>2019. janu\u00e1r 19, szombat 16 \u00f3ra<\/strong><\/p>\n<p>Jegyek el\u0151v\u00e9telben kaphat\u00f3k m\u0171vel\u0151d\u00e9si h\u00e1zunkban (H-P: 8-20 \u00f3ra k\u00f6z\u00f6tt)<\/p>\n<p><em>1 \u00e9ves kor alatt a bel\u00e9p\u00e9s ingyenes!<\/em><\/p>\n<p>Info, jegyrendel\u00e9s: +36205513416<\/p>\n","protected":false},"excerpt":{"rendered":"<p>Zen\u00e9s b\u00e1bj\u00e1t\u00e9k<\/p>\n","protected":false},"author":1,"featured_media":974,"comment_status":"open","ping_status":"closed","template":"","meta":[],"tags":[39,38,14,16,21,13],"tribe_events_cat":[3],"acf":[],"_links":{"self":[{"href":"https:\/\/www.csepelivaroskep.hu\/radnoti\/wp-json\/wp\/v2\/tribe_events\/973"}],"collection":[{"href":"https:\/\/www.csepelivaroskep.hu\/radnoti\/wp-json\/wp\/v2\/tribe_events"}],"about":[{"href":"https:\/\/www.csepelivaroskep.hu\/radnoti\/wp-json\/wp\/v2\/types\/tribe_events"}],"author":[{"embeddable":true,"href":"https:\/\/www.csepelivaroskep.hu\/radnoti\/wp-json\/wp\/v2\/users\/1"}],"replies":[{"embeddable":true,"href":"https:\/\/www.csepelivaroskep.hu\/radnoti\/wp-json\/wp\/v2\/comments?post=973"}],"version-history":[{"count":2,"href":"https:\/\/www.csepelivaroskep.hu\/radnoti\/wp-json\/wp\/v2\/tribe_events\/973\/revisions"}],"predecessor-version":[{"id":976,"href":"https:\/\/www.csepelivaroskep.hu\/radnoti\/wp-json\/wp\/v2\/tribe_events\/973\/revisions\/976"}],"wp:featuredmedia":[{"embeddable":true,"href":"https:\/\/www.csepelivaroskep.hu\/radnoti\/wp-json\/wp\/v2\/media\/974"}],"wp:attachment":[{"href":"https:\/\/www.csepelivaroskep.hu\/radnoti\/wp-json\/wp\/v2\/media?parent=973"}],"wp:term":[{"taxonomy":"post_tag","embeddable":true,"href":"https:\/\/www.csepelivaroskep.hu\/radnoti\/wp-json\/wp\/v2\/tags?post=973"},{"taxonomy":"tribe_events_cat","embeddable":true,"href":"https:\/\/www.csepelivaroskep.hu\/radnoti\/wp-json\/wp\/v2\/tribe_events_cat?post=973"}],"curies":[{"name":"wp","href":"https:\/\/api.w.org\/{rel}","templated":true}]}}

Jegesmaci barátai

<p>Az <strong>Ametiszt Bábszínház</strong> bemutatja:</p>
<h3><span style="color: #33cccc;">Jegesmaci barátai</span></h3>
<p><em>című zenés bábjátékot</em></p>
<p><strong>2019. január 19, szombat 16 óra</strong></p>
<p>Jegyek elővételben kaphatók művelődési házunkban (H-P: 8-20 óra között)</p>
<p><em>1 éves kor alatt a belépés ingyenes!</em></p>
<p>Info, jegyrendelés: +36205513416</p>

<p>Zenés bábjáték</p>
