{"id":977,"date":"2018-10-19T12:49:05","date_gmt":"2018-10-19T12:49:05","guid":{"rendered":"http:\/\/www.csepelivaroskep.hu\/radnoti\/?post_type=tribe_events&#038;p=977"},"modified":"2018-11-12T11:23:39","modified_gmt":"2018-11-12T11:23:39","slug":"marton-napi-vigassagok-csepelen","status":"publish","type":"tribe_events","link":"https:\/\/www.csepelivaroskep.hu\/radnoti\/programok\/marton-napi-vigassagok-csepelen\/","title":{"rendered":"M\u00e1rton-napi vigass\u00e1gok Csepelen"},"content":{"rendered":"<h4><span style=\"color: #008000;\">2018. november 11, 10-17 \u00f3ra<\/span><\/h4>\n<div dir=\"ltr\">\n<div style=\"font-size: small; text-decoration: none; font-family: 'Calibri'; font-weight: normal; color: #000000; font-style: normal; display: inline;\">\n<div dir=\"ltr\">\n<div style=\"font-size: 12pt; font-family: 'Calibri'; color: #000000;\">\n<div><span style=\"color: #ff0000;\">Program:<\/span><\/div>\n<div>\n<div>10:00 V\u00e1s\u00e1rfia\u00a0\u2013 Holl\u00f3 egy\u00fcttes interakt\u00edv gyermekm\u0171sora<\/div>\n<\/div>\n<div>11:00 Tollfoszt\u00f3 \u2013 Csepeli Mosolyg\u00f3 Dalk\u00f6r<\/div>\n<div>11:45 Fell\u00e9p a Csepeli \u00d6regt\u00e1ncosok Egy\u00fcttese<\/div>\n<div>12:30 P\u00e1rnacsata<\/div>\n<div>13:00 Csep\u2019 Jazz Dance T\u00e1nccsoport bemutat\u00f3ja<\/div>\n<div>13:30 K\u00fcrt\u0151skal\u00e1cs ev\u0151verseny<\/div>\n<div>14:00 A bor legend\u00e1ja \u2013 Holl\u00f3 egy\u00fcttes feln\u0151tteknek sz\u00f3l\u00f3 vid\u00e1m m\u0171sora<\/div>\n<div>15:00 L\u00fadas Matyi \u2013 Galiba T\u00e1rsulat v\u00e1s\u00e1ri kom\u00e9di\u00e1ja<\/div>\n<div>16:00 Fell\u00e9p a Csepeli N\u00e9met Nemzetis\u00e9gi Ifj\u00fas\u00e1gi T\u00e1ncegy\u00fcttes<\/div>\n<div>16:30 Zen\u00e9s, lampionos felvonul\u00e1s a m\u0171vel\u0151d\u00e9si h\u00e1z k\u00f6r\u00fcl<\/div>\n<div><\/div>\n<div><span style=\"color: #ff0000;\">Ezenk\u00edv\u00fcl:<\/span><\/div>\n<div>Hagyom\u00e1ny\u0151rz\u0151 gyermek j\u00e1tsz\u00f3h\u00e1z, lib\u00e1s vend\u00e9gfogad\u00e1s, arcfest\u00e9s, hajfonoda, k\u00e9zm\u0171ves v\u00e1s\u00e1r<\/div>\n<div><\/div>\n<div><span style=\"color: #ff0000;\">Gasztron\u00f3mia:<\/span><\/div>\n<div>Liba\u00e9telek, h\u00e1zi r\u00e9tes, l\u00fadl\u00e1b torta, l\u00e1ngos, k\u00fcrt\u0151s kal\u00e1cs, forralt bor<\/div>\n<div><\/div>\n<div><em>A r\u00e9szv\u00e9tel d\u00edjtalan, mindenkit szeretettel v\u00e1runk!<\/em><\/div>\n<div><em>Kedvez\u0151tlen id\u0151j\u00e1r\u00e1s eset\u00e9n a programot a m\u0171vel\u0151d\u00e9si h\u00e1zban rendezz\u00fck meg.<\/em><\/div>\n<div><em>A programv\u00e1ltoztat\u00e1s jog\u00e1t fenntartjuk!<\/em><strong><br \/>\n<\/strong><\/div>\n<\/div>\n<\/div>\n<\/div>\n<\/div>\n<div><\/div>\n<h3>A rendezv\u00e9nyr\u0151l k\u00e9sz\u00fclt \u00f6sszefoglal\u00f3 \u00e9s fot\u00f3k<span style=\"color: #0000ff;\"> <a style=\"color: #0000ff;\" href=\"https:\/\/www.csepel.hu\/hireink\/esemenyek\/item\/11658-marton-napi-vigassagok-csepelen?fbclid=IwAR38XUc9wYlxSiKvQqZqkFESbm9yFfIW64imVwcjuF4nmX0x_-zrSnfkB4Y\">ide kattintva<\/a> <\/span>\u00e9rhet\u0151k el.<\/h3>\n","protected":false},"excerpt":{"rendered":"<p>Eg\u00e9sz napos, ingyenes csal\u00e1di program<\/p>\n","protected":false},"author":1,"featured_media":978,"comment_status":"open","ping_status":"closed","template":"","meta":[],"tags":[40,14,16,21,22,27,29,13,11],"tribe_events_cat":[26],"acf":[],"_links":{"self":[{"href":"https:\/\/www.csepelivaroskep.hu\/radnoti\/wp-json\/wp\/v2\/tribe_events\/977"}],"collection":[{"href":"https:\/\/www.csepelivaroskep.hu\/radnoti\/wp-json\/wp\/v2\/tribe_events"}],"about":[{"href":"https:\/\/www.csepelivaroskep.hu\/radnoti\/wp-json\/wp\/v2\/types\/tribe_events"}],"author":[{"embeddable":true,"href":"https:\/\/www.csepelivaroskep.hu\/radnoti\/wp-json\/wp\/v2\/users\/1"}],"replies":[{"embeddable":true,"href":"https:\/\/www.csepelivaroskep.hu\/radnoti\/wp-json\/wp\/v2\/comments?post=977"}],"version-history":[{"count":5,"href":"https:\/\/www.csepelivaroskep.hu\/radnoti\/wp-json\/wp\/v2\/tribe_events\/977\/revisions"}],"predecessor-version":[{"id":994,"href":"https:\/\/www.csepelivaroskep.hu\/radnoti\/wp-json\/wp\/v2\/tribe_events\/977\/revisions\/994"}],"wp:featuredmedia":[{"embeddable":true,"href":"https:\/\/www.csepelivaroskep.hu\/radnoti\/wp-json\/wp\/v2\/media\/978"}],"wp:attachment":[{"href":"https:\/\/www.csepelivaroskep.hu\/radnoti\/wp-json\/wp\/v2\/media?parent=977"}],"wp:term":[{"taxonomy":"post_tag","embeddable":true,"href":"https:\/\/www.csepelivaroskep.hu\/radnoti\/wp-json\/wp\/v2\/tags?post=977"},{"taxonomy":"tribe_events_cat","embeddable":true,"href":"https:\/\/www.csepelivaroskep.hu\/radnoti\/wp-json\/wp\/v2\/tribe_events_cat?post=977"}],"curies":[{"name":"wp","href":"https:\/\/api.w.org\/{rel}","templated":true}]}}

Márton-napi vigasságok Csepelen

<h4><span style="color: #008000;">2018. november 11, 10-17 óra</span></h4>
<div dir="ltr">
<div style="font-size: small; text-decoration: none; font-family: 'Calibri'; font-weight: normal; color: #000000; font-style: normal; display: inline;">
<div dir="ltr">
<div style="font-size: 12pt; font-family: 'Calibri'; color: #000000;">
<div><span style="color: #ff0000;">Program:</span></div>
<div>
<div>10:00 Vásárfia – Holló együttes interaktív gyermekműsora</div>
</div>
<div>11:00 Tollfosztó – Csepeli Mosolygó Dalkör</div>
<div>11:45 Fellép a Csepeli Öregtáncosok Együttese</div>
<div>12:30 Párnacsata</div>
<div>13:00 Csep’ Jazz Dance Tánccsoport bemutatója</div>
<div>13:30 Kürtőskalács evőverseny</div>
<div>14:00 A bor legendája – Holló együttes felnőtteknek szóló vidám műsora</div>
<div>15:00 Lúdas Matyi – Galiba Társulat vásári komédiája</div>
<div>16:00 Fellép a Csepeli Német Nemzetiségi Ifjúsági Táncegyüttes</div>
<div>16:30 Zenés, lampionos felvonulás a művelődési ház körül</div>
<div></div>
<div><span style="color: #ff0000;">Ezenkívül:</span></div>
<div>Hagyományőrző gyermek játszóház, libás vendégfogadás, arcfestés, hajfonoda, kézműves vásár</div>
<div></div>
<div><span style="color: #ff0000;">Gasztronómia:</span></div>
<div>Libaételek, házi rétes, lúdláb torta, lángos, kürtős kalács, forralt bor</div>
<div></div>
<div><em>A részvétel díjtalan, mindenkit szeretettel várunk!</em></div>
<div><em>Kedvezőtlen időjárás esetén a programot a művelődési házban rendezzük meg.</em></div>
<div><em>A programváltoztatás jogát fenntartjuk!</em><strong><br />
</strong></div>
</div>
</div>
</div>
</div>
<div></div>
<h3>A rendezvényről készült összefoglaló és fotók<span style="color: #0000ff;"> <a style="color: #0000ff;" href="https://www.csepel.hu/hireink/esemenyek/item/11658-marton-napi-vigassagok-csepelen?fbclid=IwAR38XUc9wYlxSiKvQqZqkFESbm9yFfIW64imVwcjuF4nmX0x_-zrSnfkB4Y">ide kattintva</a> </span>érhetők el.</h3>

<p>Egész napos, ingyenes családi program</p>
