{"id":545,"date":"2018-11-27T13:02:30","date_gmt":"2018-11-27T13:02:30","guid":{"rendered":"http:\/\/www.csepelivaroskep.hu\/szabomagda\/?post_type=tribe_events&#038;p=545"},"modified":"2018-11-27T13:09:19","modified_gmt":"2018-11-27T13:09:19","slug":"2018-december-12-14-00-unnepvaro-delutan","status":"publish","type":"tribe_events","link":"https:\/\/www.csepelivaroskep.hu\/szabomagda\/programok\/2018-december-12-14-00-unnepvaro-delutan\/","title":{"rendered":"2018. december 12., 14.00 \u00dcnnepv\u00e1r\u00f3 d\u00e9lut\u00e1n"},"content":{"rendered":"<p>A kar\u00e1csonyi \u00fcnnepk\u00f6rr\u0151l sz\u00f3l\u00f3 el\u0151ad\u00e1sra, k\u00e9zm\u0171ves foglakoz\u00e1sra, meleg te\u00e1ra, egy j\u00f3 hangulat\u00fa adventi egy\u00fcttl\u00e9tre v\u00e1runk mindenkit.<\/p>\n","protected":false},"excerpt":{"rendered":"<p>V\u00e1rjuk minden koroszt\u00e1lyb\u00f3l az \u00e9rdekl\u0151d\u0151ket, k\u00e9zm\u0171ves foglakoz\u00e1sunkon d\u00edszeket k\u00e9sz\u00edt\u00fcnk a kar\u00e1csonyf\u00e1ra, valamint a kar\u00e1csonyi \u00fcnnepk\u00f6r n\u00e9phagyom\u00e1nyait eleven\u00edti fel T\u00f3th M\u00e1ria pedag\u00f3gus, a K\u00e9zimunka k\u00f6r\u00fcnk vezet\u0151je.<br \/>\nLehet\u0151s\u00e9g\u00fck lesz a k\u00f6r tagjai horgolt d\u00edszeinek megv\u00e1s\u00e1rl\u00e1s\u00e1ra.<\/p>\n","protected":false},"author":5,"featured_media":546,"comment_status":"open","ping_status":"closed","template":"","meta":[],"tags":[],"tribe_events_cat":[],"acf":[],"_links":{"self":[{"href":"https:\/\/www.csepelivaroskep.hu\/szabomagda\/wp-json\/wp\/v2\/tribe_events\/545"}],"collection":[{"href":"https:\/\/www.csepelivaroskep.hu\/szabomagda\/wp-json\/wp\/v2\/tribe_events"}],"about":[{"href":"https:\/\/www.csepelivaroskep.hu\/szabomagda\/wp-json\/wp\/v2\/types\/tribe_events"}],"author":[{"embeddable":true,"href":"https:\/\/www.csepelivaroskep.hu\/szabomagda\/wp-json\/wp\/v2\/users\/5"}],"replies":[{"embeddable":true,"href":"https:\/\/www.csepelivaroskep.hu\/szabomagda\/wp-json\/wp\/v2\/comments?post=545"}],"version-history":[{"count":8,"href":"https:\/\/www.csepelivaroskep.hu\/szabomagda\/wp-json\/wp\/v2\/tribe_events\/545\/revisions"}],"predecessor-version":[{"id":554,"href":"https:\/\/www.csepelivaroskep.hu\/szabomagda\/wp-json\/wp\/v2\/tribe_events\/545\/revisions\/554"}],"wp:featuredmedia":[{"embeddable":true,"href":"https:\/\/www.csepelivaroskep.hu\/szabomagda\/wp-json\/wp\/v2\/media\/546"}],"wp:attachment":[{"href":"https:\/\/www.csepelivaroskep.hu\/szabomagda\/wp-json\/wp\/v2\/media?parent=545"}],"wp:term":[{"taxonomy":"post_tag","embeddable":true,"href":"https:\/\/www.csepelivaroskep.hu\/szabomagda\/wp-json\/wp\/v2\/tags?post=545"},{"taxonomy":"tribe_events_cat","embeddable":true,"href":"https:\/\/www.csepelivaroskep.hu\/szabomagda\/wp-json\/wp\/v2\/tribe_events_cat?post=545"}],"curies":[{"name":"wp","href":"https:\/\/api.w.org\/{rel}","templated":true}]}}

2018. december 12., 14.00 Ünnepváró délután

<p>A karácsonyi ünnepkörről szóló előadásra, kézműves foglakozásra, meleg teára, egy jó hangulatú adventi együttlétre várunk mindenkit.</p>

<p>Várjuk minden korosztályból az érdeklődőket, kézműves foglakozásunkon díszeket készítünk a karácsonyfára, valamint a karácsonyi ünnepkör néphagyományait eleveníti fel Tóth Mária pedagógus, a Kézimunka körünk vezetője.<br />
Lehetőségük lesz a kör tagjai horgolt díszeinek megvásárlására.</p>
