{"id":833,"date":"2019-10-17T08:00:16","date_gmt":"2019-10-17T08:00:16","guid":{"rendered":"http:\/\/www.csepelivaroskep.hu\/szabomagda\/?post_type=tribe_events&#038;p=833"},"modified":"2020-10-16T07:53:11","modified_gmt":"2020-10-16T07:53:11","slug":"vii-csepeli-palyavalasztasi-borze","status":"publish","type":"tribe_events","link":"https:\/\/www.csepelivaroskep.hu\/szabomagda\/programok\/vii-csepeli-palyavalasztasi-borze\/","title":{"rendered":"VII. Csepeli P\u00e1lyav\u00e1laszt\u00e1si B\u00f6rze"},"content":{"rendered":"<p>Szeretn\u00e9nk felh\u00edvni az \u00e9rdekl\u0151d\u0151k sz\u00edves a figyelm\u00e9t a VII. Csepeli P\u00e1lyav\u00e1laszt\u00e1si B\u00f6rz\u00e9re, melyet imm\u00e1r t\u00f6bb \u00e9ve hagyom\u00e1nyosan \u0151sszel rendez\u00fcnk meg a Szab\u00f3 Magda K\u00f6z\u00f6ss\u00e9gi T\u00e9r-ben.<\/p>\n<p>Fontos, ak\u00e1r eg\u00e9sz \u00e9let\u00fckre kihat\u00f3 d\u00f6nt\u00e9s el\u0151tt \u00e1llnak a fiatalok, amikor k\u00f6z\u00e9piskol\u00e1t v\u00e1lasztanak. A t\u00e1j\u00e9koz\u00f3d\u00e1sban, a sz\u00fcks\u00e9ges inform\u00e1ci\u00f3k el\u00e9r\u00e9s\u00e9ben seg\u00edt\u00fck a 2019. november 14-15-i ingyenes rendezv\u00e9ny\u00fcnkkel, ahol a megh\u00edvott c\u00e9lk\u00f6z\u00f6ns\u00e9g a csepeli \u00e1ltal\u00e1nos iskol\u00e1k 7. \u00e9s 8. oszt\u00e1lyos di\u00e1kjai, sz\u00fcleik \u00e9s az \u00e1ltal\u00e1nos iskol\u00e1s \u00e9rintett oszt\u00e1lyok, csoportok.<br \/>\nA k\u00e9tnapos rendezv\u00e9nyen a csepeli \u00e9s k\u00f6rny\u00e9kbeli szakgimn\u00e1zumoknak, k\u00f6z\u00e9piskol\u00e1knak k\u00edn\u00e1lunk lehet\u0151s\u00e9get a bemutatkoz\u00e1sra!<\/p>\n<p>Ki\u00e1ll\u00edt\u00f3 iskol\u00e1k list\u00e1ja:<\/p>\n<p>Bocskai Istv\u00e1n Reform\u00e1tus Oktat\u00e1si K\u00f6zpont:\u00a0\u00a0\u00a0\u00a0\u00a0\u00a0 Ap\u00e1czai Csere J\u00e1nos K\u00f6z\u00e9piskol\u00e1ja<\/p>\n<p>Budapesti Gazdas\u00e1gi Szakk\u00e9pz\u00e9si Centrum:\u00a0 Csete Bal\u00e1zs Szakgimn\u00e1zium<br \/>\nHars\u00e1nyi J\u00e1nos K\u00f6zgazdas\u00e1gi Szakgimn\u00e1zium \u00e9s Szakk\u00f6z\u00e9piskola<\/p>\n<p>Pesterzs\u00e9beti K\u00f6zgazdas\u00e1gi Szakgimn\u00e1ziuma<\/p>\n<p>Szent Istv\u00e1n K\u00f6zgazdas\u00e1gi Szakgimn\u00e1zium \u00e9s Koll\u00e9gium<\/p>\n<p>Teleki Blanka K\u00f6zgazdas\u00e1gi Szakgimn\u00e1ziuma<\/p>\n<p>V\u00e1s\u00e1rhelyi P\u00e1l Kereskedelmi Szakgimn\u00e1zium<\/p>\n<p>Budapesti G\u00e9p\u00e9szeti Szakk\u00e9pz\u00e9si Centrum: Kossuth Lajos K\u00e9t Tan\u00edt\u00e1si Nyelv\u0171 M\u0171szaki Szakk\u00f6z\u00e9piskola<\/p>\n<p>Budapesti Komplex Szakk\u00e9pz\u00e9si Centrum: Weiss Manfr\u00e9d Szakgimn\u00e1zium, Szakk\u00f6z\u00e9piskola \u00e9s Koll\u00e9gium<\/p>\n<p>Budapesti M\u0171szaki Szakk\u00e9pz\u00e9si Centrum: Pusk\u00e1s Tivadar T\u00e1vk\u00f6zl\u00e9s\u0171 Technikum<\/p>\n<p>Budapesti Vend\u00e9gl\u00e1t\u00f3ipari \u00e9s Hum\u00e1n Szakk\u00e9pz\u00e9si Centrum: Semmelweis Ign\u00e1c Szakk\u00e9pz\u0151 iskol\u00e1ja<\/p>\n<p>Szamos M\u00e1ty\u00e1s Szakgimn\u00e1ziuma \u00e9s Szakk\u00f6z\u00e9piskol\u00e1ja<\/p>\n<p>Egressy B\u00e9ni Reform\u00e1tus M\u0171v\u00e9szeti K\u00f6z\u00e9piskola<\/p>\n<p>Hunyadi M\u00e1ty\u00e1s \u00c1ltal\u00e1nos iskola, Gimn\u00e1zium \u00e9s Alapfok\u00fa M\u0171v\u00e9szeti Iskola<\/p>\n<p>So\u00f3s Istv\u00e1n Bor\u00e1szati \u00e9s \u00c9lelmiszeripari Szakgimn\u00e1zium \u00e9s Szakk\u00f6z\u00e9piskola<\/p>\n<p>Szab\u00f3ky Adolf \u00c1ltal\u00e1nos \u00e9s Szakk\u00e9pz\u0151 Iskola<\/p>\n<p>Csertszak Oktat\u00e1si Kft.<\/p>\n","protected":false},"excerpt":{"rendered":"<p>Szeretn\u00e9nk felh\u00edvni az \u00e9rdekl\u0151d\u0151k sz\u00edves a figyelm\u00e9t a VII. Csepeli P\u00e1lyav\u00e1laszt\u00e1si B\u00f6rz\u00e9re, melyet imm\u00e1r t\u00f6bb \u00e9ve hagyom\u00e1nyosan \u0151sszel rendez\u00fcnk meg a Szab\u00f3 Magda K\u00f6z\u00f6ss\u00e9gi T\u00e9r-ben.<\/p>\n<p>Fontos, ak\u00e1r eg\u00e9sz \u00e9let\u00fckre kihat\u00f3 d\u00f6nt\u00e9s el\u0151tt \u00e1llnak a fiatalok, amikor k\u00f6z\u00e9piskol\u00e1t v\u00e1lasztanak. A t\u00e1j\u00e9koz\u00f3d\u00e1sban, a sz\u00fcks\u00e9ges inform\u00e1ci\u00f3k el\u00e9r\u00e9s\u00e9ben seg\u00edt\u00fck a 2019. november 14-15-i ingyenes rendezv\u00e9ny\u00fcnkkel, ahol a megh\u00edvott c\u00e9lk\u00f6z\u00f6ns\u00e9g a csepeli \u00e1ltal\u00e1nos iskol\u00e1k 7. \u00e9s 8. oszt\u00e1lyos di\u00e1kjai, sz\u00fcleik \u00e9s az \u00e1ltal\u00e1nos iskol\u00e1s \u00e9rintett oszt\u00e1lyok, csoportok.<br \/>\nA k\u00e9tnapos rendezv\u00e9nyen a csepeli \u00e9s k\u00f6rny\u00e9kbeli szakgimn\u00e1zumoknak, k\u00f6z\u00e9piskol\u00e1knak k\u00edn\u00e1lunk lehet\u0151s\u00e9get a bemutatkoz\u00e1sra!<\/p>\n","protected":false},"author":5,"featured_media":841,"comment_status":"open","ping_status":"closed","template":"","meta":[],"tags":[],"tribe_events_cat":[],"acf":[],"_links":{"self":[{"href":"https:\/\/www.csepelivaroskep.hu\/szabomagda\/wp-json\/wp\/v2\/tribe_events\/833"}],"collection":[{"href":"https:\/\/www.csepelivaroskep.hu\/szabomagda\/wp-json\/wp\/v2\/tribe_events"}],"about":[{"href":"https:\/\/www.csepelivaroskep.hu\/szabomagda\/wp-json\/wp\/v2\/types\/tribe_events"}],"author":[{"embeddable":true,"href":"https:\/\/www.csepelivaroskep.hu\/szabomagda\/wp-json\/wp\/v2\/users\/5"}],"replies":[{"embeddable":true,"href":"https:\/\/www.csepelivaroskep.hu\/szabomagda\/wp-json\/wp\/v2\/comments?post=833"}],"version-history":[{"count":3,"href":"https:\/\/www.csepelivaroskep.hu\/szabomagda\/wp-json\/wp\/v2\/tribe_events\/833\/revisions"}],"predecessor-version":[{"id":837,"href":"https:\/\/www.csepelivaroskep.hu\/szabomagda\/wp-json\/wp\/v2\/tribe_events\/833\/revisions\/837"}],"wp:featuredmedia":[{"embeddable":true,"href":"https:\/\/www.csepelivaroskep.hu\/szabomagda\/wp-json\/wp\/v2\/media\/841"}],"wp:attachment":[{"href":"https:\/\/www.csepelivaroskep.hu\/szabomagda\/wp-json\/wp\/v2\/media?parent=833"}],"wp:term":[{"taxonomy":"post_tag","embeddable":true,"href":"https:\/\/www.csepelivaroskep.hu\/szabomagda\/wp-json\/wp\/v2\/tags?post=833"},{"taxonomy":"tribe_events_cat","embeddable":true,"href":"https:\/\/www.csepelivaroskep.hu\/szabomagda\/wp-json\/wp\/v2\/tribe_events_cat?post=833"}],"curies":[{"name":"wp","href":"https:\/\/api.w.org\/{rel}","templated":true}]}}

VII. Csepeli Pályaválasztási Börze

<p>Szeretnénk felhívni az érdeklődők szíves a figyelmét a VII. Csepeli Pályaválasztási Börzére, melyet immár több éve hagyományosan ősszel rendezünk meg a Szabó Magda Közösségi Tér-ben.</p>
<p>Fontos, akár egész életükre kiható döntés előtt állnak a fiatalok, amikor középiskolát választanak. A tájékozódásban, a szükséges információk elérésében segítük a 2019. november 14-15-i ingyenes rendezvényünkkel, ahol a meghívott célközönség a csepeli általános iskolák 7. és 8. osztályos diákjai, szüleik és az általános iskolás érintett osztályok, csoportok.<br />
A kétnapos rendezvényen a csepeli és környékbeli szakgimnázumoknak, középiskoláknak kínálunk lehetőséget a bemutatkozásra!</p>
<p>Kiállító iskolák listája:</p>
<p>Bocskai István Református Oktatási Központ:       Apáczai Csere János Középiskolája</p>
<p>Budapesti Gazdasági Szakképzési Centrum:  Csete Balázs Szakgimnázium<br />
Harsányi János Közgazdasági Szakgimnázium és Szakközépiskola</p>
<p>Pesterzsébeti Közgazdasági Szakgimnáziuma</p>
<p>Szent István Közgazdasági Szakgimnázium és Kollégium</p>
<p>Teleki Blanka Közgazdasági Szakgimnáziuma</p>
<p>Vásárhelyi Pál Kereskedelmi Szakgimnázium</p>
<p>Budapesti Gépészeti Szakképzési Centrum: Kossuth Lajos Két Tanítási Nyelvű Műszaki Szakközépiskola</p>
<p>Budapesti Komplex Szakképzési Centrum: Weiss Manfréd Szakgimnázium, Szakközépiskola és Kollégium</p>
<p>Budapesti Műszaki Szakképzési Centrum: Puskás Tivadar Távközlésű Technikum</p>
<p>Budapesti Vendéglátóipari és Humán Szakképzési Centrum: Semmelweis Ignác Szakképző iskolája</p>
<p>Szamos Mátyás Szakgimnáziuma és Szakközépiskolája</p>
<p>Egressy Béni Református Művészeti Középiskola</p>
<p>Hunyadi Mátyás Általános iskola, Gimnázium és Alapfokú Művészeti Iskola</p>
<p>Soós István Borászati és Élelmiszeripari Szakgimnázium és Szakközépiskola</p>
<p>Szabóky Adolf Általános és Szakképző Iskola</p>
<p>Csertszak Oktatási Kft.</p>

<p>Szeretnénk felhívni az érdeklődők szíves a figyelmét a VII. Csepeli Pályaválasztási Börzére, melyet immár több éve hagyományosan ősszel rendezünk meg a Szabó Magda Közösségi Tér-ben.</p>
<p>Fontos, akár egész életükre kiható döntés előtt állnak a fiatalok, amikor középiskolát választanak. A tájékozódásban, a szükséges információk elérésében segítük a 2019. november 14-15-i ingyenes rendezvényünkkel, ahol a meghívott célközönség a csepeli általános iskolák 7. és 8. osztályos diákjai, szüleik és az általános iskolás érintett osztályok, csoportok.<br />
A kétnapos rendezvényen a csepeli és környékbeli szakgimnázumoknak, középiskoláknak kínálunk lehetőséget a bemutatkozásra!</p>
